{"id":116,"date":"2020-07-13T11:45:38","date_gmt":"2020-07-13T11:45:38","guid":{"rendered":"http:\/\/g-g-c.de\/?page_id=116"},"modified":"2020-07-13T15:39:40","modified_gmt":"2020-07-13T15:39:40","slug":"impressum-datenschutzerklaerung-webseiteneinstellungen","status":"publish","type":"page","link":"https:\/\/g-g-c.de\/?page_id=116","title":{"rendered":"Impressum \/ Datenschutzerkl\u00e4rung \/ Webseiteneinstellungen"},"content":{"rendered":"<p>Inhaltlich verantwortlich f\u00fcr Internetseiten der Domains und Subdomains:<\/p>\n<p>g-g-c.de<br \/>\ngerman-gamers-club.de<br \/>\narma-liga.de<br \/>\nclan-info.de<\/p>\n<p>Wolfgang Olschinski<br \/>\nSchie\u00dfstattweg 50<br \/>\n94032 Passau<\/p>\n<p><a href=\"http:\/\/g-g-c.de\/?page_id=2\">Kontakt<\/a><\/p>\n<p>Oben angegebene Seiten wurden von mir erstellt und ver\u00f6ffentlicht. F\u00fcr deren Inhalt bin ich verantwortlich.<br \/>\nArtikel von Wolf der Kleine oder dem Seitenadministrator wurden von mir pers\u00f6nlich verfasst.<br \/>\nDas gilt nat\u00fcrlich nicht f\u00fcr Kommentare, sofern jemand solche auf der Seite hinterlassen m\u00f6chte oder kann.<\/p>\n<p>Alle Angebote und Inhalte sind gratis und unverbindlich.<br \/>\nEs k\u00f6nnen daraus weder f\u00fcr die Besucher (also Sie) oder dem Anbieter (also mich) Verpflichtungen in irgend einer Art abgeleitet werden.<br \/>\nAlle von mir erstellten Seiten und Inhalte sind privater Natur (also nicht gewerblich).<br \/>\nEs ist nicht beabsichtigt Ums\u00e4tze oder Gewinne zu generieren.<\/p>\n<h2><strong>Linkhaftung<\/strong><\/h2>\n<p>Selbstverst\u00e4ndlich \u00fcberpr\u00fcfe ich alle externen Links, die von mir erstellt wurden. Es ist aber immer m\u00f6glich, dass sich auch im Laufe der Zeit deren Inhalt \u00e4ndert.<br \/>\nInhalte der Links mache ich mir NICHT zu eigen. Ich \u00fcbernehme auch keinerlei Verantwortung f\u00fcr Inhalte auf verlinkten Seiten.<br \/>\nEine \u00dcberpr\u00fcfung auf rechtliche Zul\u00e4ssigkeit aller verlinkten Inhalte ist ohnehin nicht m\u00f6glich.<br \/>\nJeder, der auf einen solchen Link klickt, macht dies auf eigene Verantwortung und eigenes Risiko.<\/p>\n<h2><strong>Urheberrecht<\/strong><\/h2>\n<p>Soweit mir m\u00f6glich, \u00fcberpr\u00fcfe ich auch alle Inhalte (Text, Bilder und Dateien) auf urheberrechtliche Beschr\u00e4nkungen.<br \/>\nIch weise ausdr\u00fccklich darauf hin, dass Rechte von Inhalten, Logos, Bildern und Dateien (z.B. Spielgrafiken) nicht unbedingt bei mir liegen m\u00fcssen.<br \/>\nOb diese weiter verwendet werden d\u00fcrfen, muss mit den jeweiligen Rechteinhabern vereinbart werden.<br \/>\nEin Recht zur Weiterverwendung wird ausdr\u00fccklich verwehrt. Ich widerspreche jeder kommerziellen Verwendung und Weitergabe meiner Daten.<br \/>\nDie Illustration des Schriftzuges, Logos, die grafische Gestaltung und Inhalte oben genannter Seiten unterliegen dem Urheberrecht.<br \/>\nDie Weiterverwendung auf anderen Seiten muss von mir gestattet werden.<\/p>\n<h2><strong>Datenschutz<\/strong><\/h2>\n<p>Nat\u00fcrlich werden auch hier, wie \u00fcberall, Daten von Besuchern erfasst.<br \/>\nMir bekannt ist die statistische Auswertung der Besucher meiner Webseiten, die ich \u00fcber meinen Webspaceanbieter abrufen kann.<br \/>\nDie mir angezeigten Daten sind anonym und lassen sich von mir nicht bestimmten Personen zuordnen.<br \/>\nEin Interesse an diesen Daten habe ich nicht. Eine Auswertung oder Speicherung au\u00dferhalb der M\u00f6glichkeiten auf meinem Webspace erfolgt in der Regel nicht.<\/p>\n<p>Welche Daten dar\u00fcber hinaus \u00fcber das CMS WordPress, das benutzte Template Mantra, die installierten Plugins oder von meinem Hoster erfasst und verarbeitet werden, entziehen sich meiner Kenntnis.<br \/>\nF\u00fcr einen Einblick in die Technik hinter dem Internetauftritt und die Nachtvollziehung eventueller technischer Vorg\u00e4nge und Notwendigkeiten reichen meine Kenntnisse nicht aus.<\/p>\n<p>Anders gestaltet es sich mit Daten, die \u00fcber das Join Us, das Kontaktformular oder per E-Mail versandt werden.<br \/>\nAlle Angaben und Informationen, welche \u00fcber diese Wege \u00fcbersandt werden, werden freiwillig preisgegeben. Daher gehe ich von einer Zustimmung zur Nutzung aus.<br \/>\nIch weise darauf hin, dass die \u00dcbertragung aller Daten und Angaben auf eine E-Mail Adresse erfolgt.<br \/>\nDiese Art der \u00dcbertragung gilt als nicht sicher und kann von Dritten mitgelesen oder gespeichert werden.<br \/>\nIch bitte daher alle, schon vor der \u00dcbermittlung beim Ausf\u00fcllen mit entsprechender Sorgfalt vor zu gehen.<br \/>\nDaten und Inhalte aus Formularen und E-Mails werden bei mir lokal gespeichert und archiviert. L\u00f6schfristen gibt es nicht.<\/p>\n<h2><strong>Auskunftsrecht<\/strong><\/h2>\n<p>Ich gebe jedem gerne Auskunft \u00fcber seine von mir gespeicherten Daten.<br \/>\nNat\u00fcrlich kann ich nur \u00fcber das Auskunft geben, was mir auch selbst bekannt ist.<br \/>\nIch bitte deshalb alle, die ein Auskunftsersuchen per Mail oder Kontaktformular stellen, ausreichend genau anzugeben, was sie genau wissen m\u00f6chten.<br \/>\nAuf die Frage \u00fcber das Kontaktformular, \u201eich will alles wissen, was \u00fcber mich gespeichert wurde\u201c, wird es wohl f\u00fcr keine Seite eine befriedigende Auskunft geben k\u00f6nnen.<br \/>\nSofern mir m\u00f6glich, l\u00f6sche ich nat\u00fcrlich auf Anfrage von mir gespeicherte pers\u00f6nliche Daten der anfragenden Person.<\/p>\n<h2><strong>Cookies<\/strong><\/h2>\n<p>Auch diese Seite benutzt Cookies. Es werden mindestens Sitzungscookies gesetzt.<br \/>\nErkennbar daran, dass ein Login auf der Seite nach Schlie\u00dfen des Browserfensters und R\u00fcckkehr auf die Seite erhalten bleibt.<br \/>\nAnsonsten habe ich in WordPress nur eine weitere Einstellung zu Cookies gefunden:<br \/>\nDas Opt-in-Kontrollk\u00e4stchen f\u00fcr Kommentar-Cookies anzeigen, damit die Cookies des Kommentar-Autors gesetzt werden k\u00f6nnen.<br \/>\nDiese Option habe ich aktiviert.<br \/>\nUm auch weitere Einstellungen zu Cookies vornehmen zu k\u00f6nnen, habe ich das Plugin \u201eGDPR Cookie Consent\u201c installiert und hoffe, dass es korrekt funktioniert.<br \/>\n\u00dcber die Cookie-Einstellungen rechts unten k\u00f6nnen nicht notwendige Cookies deaktiviert werden.<br \/>\nIch selbst verf\u00fcge nicht \u00fcber die Kenntnisse oder M\u00f6glichkeit, dies zu \u00fcberpr\u00fcfen.<br \/>\nWo Daten der nicht notwendigen Cookies landen, ist mir nicht bekannt.<br \/>\nDie Standardeinstellung zu diesen Cookies im Plugin ist deshalb auf \u201edeaktiviert\u201c gesetzt.<br \/>\nWeitere Informationen zu Cookies in WordPress finden Sie auf der deutschen <a href=\"https:\/\/wordpress.com\/de\/support\/cookies\/\" target=\"_blank\" rel=\"noopener noreferrer\">WordPress Supportseite<\/a>.<\/p>\n<p>Ich hoffe, dass ich nichts Wesentliches vergessen habe.<br \/>\nWer Fehler findet oder wem noch etwas fehlt, der teilt mir das bitte \u00fcber das Kontaktformular oder per E-Mail mit.<\/p>\n<p>Ansonsten w\u00fcnsche ich allen eine sch\u00f6ne Zeit. Bleibt gesund.<\/p>\n","protected":false},"excerpt":{"rendered":"<p>Inhaltlich verantwortlich f\u00fcr Internetseiten der Domains und Subdomains: g-g-c.de german-gamers-club.de arma-liga.de clan-info.de Wolfgang Olschinski Schie\u00dfstattweg 50 94032 Passau Kontakt Oben angegebene Seiten wurden von mir erstellt und ver\u00f6ffentlicht. F\u00fcr deren Inhalt bin ich verantwortlich. Artikel von Wolf der Kleine oder dem Seitenadministrator wurden von mir pers\u00f6nlich verfasst. Das gilt nat\u00fcrlich&#8230; <a class=\"continue-reading-link\" href=\"https:\/\/g-g-c.de\/?page_id=116\">mehr <span class=\"meta-nav\">&rarr; <\/span><\/a><\/p>\n","protected":false},"author":2,"featured_media":0,"parent":0,"menu_order":0,"comment_status":"closed","ping_status":"closed","template":"","meta":[],"_links":{"self":[{"href":"https:\/\/g-g-c.de\/index.php?rest_route=\/wp\/v2\/pages\/116"}],"collection":[{"href":"https:\/\/g-g-c.de\/index.php?rest_route=\/wp\/v2\/pages"}],"about":[{"href":"https:\/\/g-g-c.de\/index.php?rest_route=\/wp\/v2\/types\/page"}],"author":[{"embeddable":true,"href":"https:\/\/g-g-c.de\/index.php?rest_route=\/wp\/v2\/users\/2"}],"replies":[{"embeddable":true,"href":"https:\/\/g-g-c.de\/index.php?rest_route=%2Fwp%2Fv2%2Fcomments&post=116"}],"version-history":[{"count":6,"href":"https:\/\/g-g-c.de\/index.php?rest_route=\/wp\/v2\/pages\/116\/revisions"}],"predecessor-version":[{"id":134,"href":"https:\/\/g-g-c.de\/index.php?rest_route=\/wp\/v2\/pages\/116\/revisions\/134"}],"wp:attachment":[{"href":"https:\/\/g-g-c.de\/index.php?rest_route=%2Fwp%2Fv2%2Fmedia&parent=116"}],"curies":[{"name":"wp","href":"https:\/\/api.w.org\/{rel}","templated":true}]}}